{"id":80,"date":"2018-04-13T17:01:23","date_gmt":"2018-04-13T17:01:23","guid":{"rendered":"http:\/\/www.salusottawa.org\/fr\/?page_id=80"},"modified":"2018-07-10T13:20:06","modified_gmt":"2018-07-10T13:20:06","slug":"developpement-communautaire","status":"publish","type":"page","link":"https:\/\/www.salusottawa.org\/fr\/services-de-sante-mentale-de-salus\/developpement-communautaire\/","title":{"rendered":"D\u00e9veloppement communautaire"},"content":{"rendered":"<div class=\"flex_column av_three_fifth  flex_column_div av-zero-column-padding first  \" style='border-radius:0px; '><section class=\"av_textblock_section \"  itemscope=\"itemscope\" itemtype=\"https:\/\/schema.org\/CreativeWork\" ><div class='avia_textblock  '   itemprop=\"text\" ><h1>D\u00e9veloppement communautaire<\/h1>\n<p>Les agents de d\u00e9veloppement communautaire de Salus disposent d&#8217;un bureau dans l&#8217;\u00e9difice et offrent du soutien aux locataires, afin de les aider \u00e0 garder leur logement et \u00e0 reb\u00e2tir leur vie. Ils les aident \u00e0 r\u00e9soudre leurs probl\u00e8mes personnels ou de logement au fur et \u00e0 mesure qu\u2019ils surviennet pour \u00e9viter qu\u2019ils ne s\u2019aggravent davantage.<\/p>\n<p>Les agents de d\u00e9veloppement communautaire se concentrent \u00e9galement sur le d\u00e9veloppement des capacit\u00e9s communautaires, travaillent \u00e0 identifier les dirigeants communautaires et se pr\u00e9occupent du mieux-\u00eatre g\u00e9n\u00e9ral de collectivit\u00e9.<\/p>\n<p>Les agents de d\u00e9veloppement communautaire offrent trois volets de services, qui varient suivant les besoins de chaque client.<\/p>\n<\/div><\/section><br \/>\n<div class='avia-icon-list-container  '><ul class='avia-icon-list avia-icon-list-left av-iconlist-big avia_animate_when_almost_visible'>\n<li><div  style='background-color:#afd32d; color:#ffffff; ' class='iconlist_icon  avia-font-entypo-fontello'><span class='iconlist-char ' aria-hidden='true' data-av_icon='\ue875' data-av_iconfont='entypo-fontello'><\/span><\/div><article class=\"article-icon-entry av-iconlist-empty\"  itemscope=\"itemscope\" itemtype=\"https:\/\/schema.org\/CreativeWork\" ><div class='iconlist_content_wrap'><header class=\"entry-content-header\"><h4 class='av_iconlist_title iconlist_title av_inherit_color '  itemprop=\"headline\"   style='color:#4597c0; '>SOUTENIR LA SANT\u00c9 PHYSIQUE ET MENTALE DES INDIVIDUS. <\/h4><\/header><div class='iconlist_content av_inherit_color '  itemprop=\"text\"   style='color:#000000; '><\/div><\/div><footer class=\"entry-footer\"><\/footer><\/article><div class='iconlist-timeline'><\/div><\/li>\n<li><div  style='background-color:#afd32d; color:#ffffff; ' class='iconlist_icon  avia-font-entypo-fontello'><span class='iconlist-char ' aria-hidden='true' data-av_icon='\ue875' data-av_iconfont='entypo-fontello'><\/span><\/div><article class=\"article-icon-entry av-iconlist-empty\"  itemscope=\"itemscope\" itemtype=\"https:\/\/schema.org\/CreativeWork\" ><div class='iconlist_content_wrap'><header class=\"entry-content-header\"><h4 class='av_iconlist_title iconlist_title av_inherit_color '  itemprop=\"headline\"   style='color:#4597c0; '>AIDER \u00c0 CONSTRUIRE L\u2019IND\u00c9PENDANCE ET DES RELATIONS SAINES AVEC LES VOISINS IMM\u00c9DIATS ET LES PAIRS. <\/h4><\/header><div class='iconlist_content av_inherit_color '  itemprop=\"text\"   style='color:#000000; '><\/div><\/div><footer class=\"entry-footer\"><\/footer><\/article><div class='iconlist-timeline'><\/div><\/li>\n<li><div  style='background-color:#afd32d; color:#ffffff; ' class='iconlist_icon  avia-font-entypo-fontello'><span class='iconlist-char ' aria-hidden='true' data-av_icon='\ue875' data-av_iconfont='entypo-fontello'><\/span><\/div><article class=\"article-icon-entry av-iconlist-empty\"  itemscope=\"itemscope\" itemtype=\"https:\/\/schema.org\/CreativeWork\" ><div class='iconlist_content_wrap'><header class=\"entry-content-header\"><h4 class='av_iconlist_title iconlist_title av_inherit_color '  itemprop=\"headline\"   style='color:#4597c0; '>SOUTENIR LE D\u00c9VELOPPEMENT DES COMMUNAUT\u00c9S QUI RECONNAISSENT LES CONTRIBUTIONS DE TOUS LES CITOYENS.<\/h4><\/header><div class='iconlist_content av_inherit_color '  itemprop=\"text\"   style='color:#000000; '><\/div><\/div><footer class=\"entry-footer\"><\/footer><\/article><div class='iconlist-timeline'><\/div><\/li>\n<\/ul><\/div><\/p><\/div>\n<div class=\"flex_column av_two_fifth  flex_column_div av-zero-column-padding   \" style='border-radius:0px; '><div class='avia-image-container  av-styling-    avia-align-center '  itemscope=\"itemscope\" itemtype=\"https:\/\/schema.org\/ImageObject\"  ><div class='avia-image-container-inner'><img class='avia_image ' src='https:\/\/www.salusottawa.org\/fr\/wp-content\/uploads\/sites\/3\/2018\/07\/Community_Developer_and_tenants_Strawberry_Social-reduced2-809x1030.jpg' alt='' title='Community_Developer_and_tenants_Strawberry_Social reduced2'   itemprop=\"thumbnailUrl\"  \/><\/div><\/div><\/div><div class=\"flex_column av_one_full  flex_column_div av-zero-column-padding first  \" style='border-radius:0px; '><section class=\"av_textblock_section \"  itemscope=\"itemscope\" itemtype=\"https:\/\/schema.org\/CreativeWork\" ><div class='avia_textblock  '   itemprop=\"text\" ><div class=\"col-sm-8\">\n<h2><strong>Salus Ottawa propose les options suivantes aux adultes vivant avec une maladie mentale :<\/strong><\/h2>\n<ul>\n<li><a title=\"Maisons partag\u00e9es\" href=\"https:\/\/www.salusottawa.org\/fr\/logements-de-salus-avec-soutien\/maisons-partagees\/\">Maisons partag\u00e9es<\/a> \u2013 grandes maisons modernes situ\u00e9es dans diff\u00e9rents quartiers d\u2019Ottawa qui offrent un milieu de vie partag\u00e9 aux adultes vivant avec une maladie mentale grave et persistante.<\/li>\n<li><a title=\"Appartements de Salus\" href=\"https:\/\/www.salusottawa.org\/fr\/logements-de-salus-avec-soutien\/appartements-de-salus\/\">Appartements <\/a>\u2013 immeubles appartenant \u00e0 Salus qui offrent un milieu de vie autonome ainsi qu\u2019un soutien communautaire aux adultes vivant avec une maladie mentale grave et persistante.<\/li>\n<li><a title=\"Appartements de Salus en partenariat\" href=\"https:\/\/www.salusottawa.org\/fr\/logements-de-salus-avec-soutien\/appartements-de-salus-en-partenariat\/\">Logement en partenariat<\/a> \u2013 logements appartenant \u00e0 d\u2019autres fournisseurs de logement qui offrent des milieux de vie autonomes et o\u00f9 Salus offre un soutien communautaire aux adultes vivant avec une maladie mentale grave et persistante.<\/li>\n<\/ul>\n<p>Tous les logements avec soutien de Salus Ottawa sont exploit\u00e9s en vertu de la <a href=\"http:\/\/www.mah.gov.on.ca\/Page2243.aspx\" target=\"_blank\" rel=\"noopener\">Loi sur la location \u00e0 usage d\u2019habitation<\/a>.<\/p>\n<\/div>\n<\/div><\/section><\/div><\/p>\n","protected":false},"excerpt":{"rendered":"","protected":false},"author":1,"featured_media":0,"parent":78,"menu_order":0,"comment_status":"closed","ping_status":"closed","template":"","meta":{"footnotes":""},"class_list":["post-80","page","type-page","status-publish","hentry"],"acf":[],"_links":{"self":[{"href":"https:\/\/www.salusottawa.org\/fr\/wp-json\/wp\/v2\/pages\/80","targetHints":{"allow":["GET"]}}],"collection":[{"href":"https:\/\/www.salusottawa.org\/fr\/wp-json\/wp\/v2\/pages"}],"about":[{"href":"https:\/\/www.salusottawa.org\/fr\/wp-json\/wp\/v2\/types\/page"}],"author":[{"embeddable":true,"href":"https:\/\/www.salusottawa.org\/fr\/wp-json\/wp\/v2\/users\/1"}],"replies":[{"embeddable":true,"href":"https:\/\/www.salusottawa.org\/fr\/wp-json\/wp\/v2\/comments?post=80"}],"version-history":[{"count":6,"href":"https:\/\/www.salusottawa.org\/fr\/wp-json\/wp\/v2\/pages\/80\/revisions"}],"predecessor-version":[{"id":567,"href":"https:\/\/www.salusottawa.org\/fr\/wp-json\/wp\/v2\/pages\/80\/revisions\/567"}],"up":[{"embeddable":true,"href":"https:\/\/www.salusottawa.org\/fr\/wp-json\/wp\/v2\/pages\/78"}],"wp:attachment":[{"href":"https:\/\/www.salusottawa.org\/fr\/wp-json\/wp\/v2\/media?parent=80"}],"curies":[{"name":"wp","href":"https:\/\/api.w.org\/{rel}","templated":true}]}}

Développement communautaire

<div class="flex_column av_three_fifth  flex_column_div av-zero-column-padding first  " style='border-radius:0px; '><section class="av_textblock_section "  itemscope="itemscope" itemtype="https://schema.org/CreativeWork" ><div class='avia_textblock  '   itemprop="text" ><h1>Développement communautaire</h1>
<p>Les agents de développement communautaire de Salus disposent d&#8217;un bureau dans l&#8217;édifice et offrent du soutien aux locataires, afin de les aider à garder leur logement et à rebâtir leur vie. Ils les aident à résoudre leurs problèmes personnels ou de logement au fur et à mesure qu’ils surviennet pour éviter qu’ils ne s’aggravent davantage.</p>
<p>Les agents de développement communautaire se concentrent également sur le développement des capacités communautaires, travaillent à identifier les dirigeants communautaires et se préoccupent du mieux-être général de collectivité.</p>
<p>Les agents de développement communautaire offrent trois volets de services, qui varient suivant les besoins de chaque client.</p>
</div></section><br />
<div class='avia-icon-list-container  '><ul class='avia-icon-list avia-icon-list-left av-iconlist-big avia_animate_when_almost_visible'>
<li><div  style='background-color:#afd32d; color:#ffffff; ' class='iconlist_icon  avia-font-entypo-fontello'><span class='iconlist-char ' aria-hidden='true' data-av_icon='' data-av_iconfont='entypo-fontello'></span></div><article class="article-icon-entry av-iconlist-empty"  itemscope="itemscope" itemtype="https://schema.org/CreativeWork" ><div class='iconlist_content_wrap'><header class="entry-content-header"><h4 class='av_iconlist_title iconlist_title av_inherit_color '  itemprop="headline"   style='color:#4597c0; '>SOUTENIR LA SANTÉ PHYSIQUE ET MENTALE DES INDIVIDUS. </h4></header><div class='iconlist_content av_inherit_color '  itemprop="text"   style='color:#000000; '></div></div><footer class="entry-footer"></footer></article><div class='iconlist-timeline'></div></li>
<li><div  style='background-color:#afd32d; color:#ffffff; ' class='iconlist_icon  avia-font-entypo-fontello'><span class='iconlist-char ' aria-hidden='true' data-av_icon='' data-av_iconfont='entypo-fontello'></span></div><article class="article-icon-entry av-iconlist-empty"  itemscope="itemscope" itemtype="https://schema.org/CreativeWork" ><div class='iconlist_content_wrap'><header class="entry-content-header"><h4 class='av_iconlist_title iconlist_title av_inherit_color '  itemprop="headline"   style='color:#4597c0; '>AIDER À CONSTRUIRE L’INDÉPENDANCE ET DES RELATIONS SAINES AVEC LES VOISINS IMMÉDIATS ET LES PAIRS. </h4></header><div class='iconlist_content av_inherit_color '  itemprop="text"   style='color:#000000; '></div></div><footer class="entry-footer"></footer></article><div class='iconlist-timeline'></div></li>
<li><div  style='background-color:#afd32d; color:#ffffff; ' class='iconlist_icon  avia-font-entypo-fontello'><span class='iconlist-char ' aria-hidden='true' data-av_icon='' data-av_iconfont='entypo-fontello'></span></div><article class="article-icon-entry av-iconlist-empty"  itemscope="itemscope" itemtype="https://schema.org/CreativeWork" ><div class='iconlist_content_wrap'><header class="entry-content-header"><h4 class='av_iconlist_title iconlist_title av_inherit_color '  itemprop="headline"   style='color:#4597c0; '>SOUTENIR LE DÉVELOPPEMENT DES COMMUNAUTÉS QUI RECONNAISSENT LES CONTRIBUTIONS DE TOUS LES CITOYENS.</h4></header><div class='iconlist_content av_inherit_color '  itemprop="text"   style='color:#000000; '></div></div><footer class="entry-footer"></footer></article><div class='iconlist-timeline'></div></li>
</ul></div></p></div>
<div class="flex_column av_two_fifth  flex_column_div av-zero-column-padding   " style='border-radius:0px; '><div class='avia-image-container  av-styling-    avia-align-center '  itemscope="itemscope" itemtype="https://schema.org/ImageObject"  ><div class='avia-image-container-inner'><img class='avia_image ' src='https://www.salusottawa.org/fr/wp-content/uploads/sites/3/2018/07/Community_Developer_and_tenants_Strawberry_Social-reduced2-809x1030.jpg' alt='' title='Community_Developer_and_tenants_Strawberry_Social reduced2'   itemprop="thumbnailUrl"  /></div></div></div><div class="flex_column av_one_full  flex_column_div av-zero-column-padding first  " style='border-radius:0px; '><section class="av_textblock_section "  itemscope="itemscope" itemtype="https://schema.org/CreativeWork" ><div class='avia_textblock  '   itemprop="text" ><div class="col-sm-8">
<h2><strong>Salus Ottawa propose les options suivantes aux adultes vivant avec une maladie mentale :</strong></h2>
<ul>
<li><a title="Maisons partagées" href="https://www.salusottawa.org/fr/logements-de-salus-avec-soutien/maisons-partagees/">Maisons partagées</a> – grandes maisons modernes situées dans différents quartiers d’Ottawa qui offrent un milieu de vie partagé aux adultes vivant avec une maladie mentale grave et persistante.</li>
<li><a title="Appartements de Salus" href="https://www.salusottawa.org/fr/logements-de-salus-avec-soutien/appartements-de-salus/">Appartements </a>– immeubles appartenant à Salus qui offrent un milieu de vie autonome ainsi qu’un soutien communautaire aux adultes vivant avec une maladie mentale grave et persistante.</li>
<li><a title="Appartements de Salus en partenariat" href="https://www.salusottawa.org/fr/logements-de-salus-avec-soutien/appartements-de-salus-en-partenariat/">Logement en partenariat</a> – logements appartenant à d’autres fournisseurs de logement qui offrent des milieux de vie autonomes et où Salus offre un soutien communautaire aux adultes vivant avec une maladie mentale grave et persistante.</li>
</ul>
<p>Tous les logements avec soutien de Salus Ottawa sont exploités en vertu de la <a href="http://www.mah.gov.on.ca/Page2243.aspx" target="_blank" rel="noopener">Loi sur la location à usage d’habitation</a>.</p>
</div>
</div></section></div></p>
