{"id":172,"date":"2018-04-13T16:21:34","date_gmt":"2018-04-13T16:21:34","guid":{"rendered":"http:\/\/www.salusottawa.org\/fr\/?page_id=172"},"modified":"2018-07-10T19:36:23","modified_gmt":"2018-07-10T19:36:23","slug":"appartements-de-salus","status":"publish","type":"page","link":"https:\/\/www.salusottawa.org\/fr\/logements-de-salus-avec-soutien\/appartements-de-salus\/","title":{"rendered":"Appartements de Salus"},"content":{"rendered":"<div class=\"flex_column av_three_fifth  flex_column_div av-zero-column-padding first  \" style='border-radius:0px; '><section class=\"av_textblock_section \"  itemscope=\"itemscope\" itemtype=\"https:\/\/schema.org\/CreativeWork\" ><div class='avia_textblock  '   itemprop=\"text\" ><h1>Appartements de Salus<\/h1>\n<h2>Les appartements de Salus offrent un milieu de vie ind\u00e9pendant aux adultes vivant avec une maladie mentale s\u00e9v\u00e8re et persistante o\u00f9 ils peuvent b\u00e9n\u00e9ficier d\u2019un soutien communautaire personnalis\u00e9.<\/h2>\n<div class=\"tw-swapa\">\n<p class=\"DHcWmd\">\n<\/div>\n<div class=\"oSioSc\">\n<div id=\"tw-target\">\n<div id=\"tw-target-text-container\" class=\"tw-ta-container tw-nfl\">\n<p id=\"tw-target-text\" class=\"tw-data-text tw-ta tw-text-small\" dir=\"ltr\" data-placeholder=\"Translation\"><span lang=\"fr\"><strong>Les appartements de Salus<\/strong> offrent aux locataires la possibilit\u00e9 de d\u00e9velopper les comp\u00e9tences n\u00e9cessaires pour r\u00e9ussir \u00e0 gagner leur ind\u00e9pendance, maintenir leur logement propre et s&#8217;int\u00e9grer dans la communaut\u00e9.<\/span><\/p>\n<\/div>\n<\/div>\n<\/div>\n<\/div><\/section><\/div><div class=\"flex_column av_two_fifth  flex_column_div av-zero-column-padding   \" style='border-radius:0px; '><div class='avia-image-container  av-styling-    avia-align-center '  itemscope=\"itemscope\" itemtype=\"https:\/\/schema.org\/ImageObject\"  ><div class='avia-image-container-inner'><img class='avia_image ' src='https:\/\/www.salusottawa.org\/fr\/wp-content\/uploads\/sites\/3\/2018\/04\/Dorchester-1030x773.jpg' alt='' title='OLYMPUS DIGITAL CAMERA'   itemprop=\"thumbnailUrl\"  \/><\/div><\/div><\/div><\/p>\n<div style='height:50px' class='hr hr-invisible  '><span class='hr-inner ' ><span class='hr-inner-style'><\/span><\/span><\/div>\n<div class=\"flex_column av_one_half  flex_column_div av-zero-column-padding first  \" style='border-radius:0px; '><section class=\"av_textblock_section \"  itemscope=\"itemscope\" itemtype=\"https:\/\/schema.org\/CreativeWork\" ><div class='avia_textblock  '   itemprop=\"text\" ><h3>Client\u00e8le des appartements de Salus<\/h3>\n<h4>Les adultes \u00e2g\u00e9s de 16 ans et plus demeurant dans la r\u00e9gion d\u2019Ottawa qui :<\/h4>\n<ul>\n<li>se r\u00e9tablissent d\u2019une maladie mentale;<\/li>\n<li>sont accompagn\u00e9s par un travailleur de soutien en sant\u00e9 mentale;<\/li>\n<li>sont dispos\u00e9s \u00e0 collaborer avec les autres r\u00e9sidents, le personnel de soutien et les intervenants communautaires;<\/li>\n<li>sont dispos\u00e9s \u00e0 respecter leurs obligations de locataire.<\/li>\n<\/ul>\n<\/div><\/section><\/div>\n<div class=\"flex_column av_one_half  flex_column_div av-zero-column-padding   \" style='border-radius:0px; '><section class=\"av_textblock_section \"  itemscope=\"itemscope\" itemtype=\"https:\/\/schema.org\/CreativeWork\" ><div class='avia_textblock  '   itemprop=\"text\" ><h3><strong>Appartements offerts par Salus<\/strong><\/h3>\n<p>Salus propose des studios et des unit\u00e9s d\u2019une chambre \u00e0 coucher. La plupart des locataires ont acc\u00e8s \u00e0 un centre de ressources dans l\u2019\u00e9difice. Tous les appartements sont \u00e9quip\u00e9s d\u2019un r\u00e9frig\u00e9rateur et d\u2019une cuisini\u00e8re.<\/p>\n<h3><strong>Emplacement des appartements de Salus<\/strong><\/h3>\n<p>Les appartements sont situ\u00e9s dans le centre-ville et dans la partie ouest d\u2019Ottawa \u00e0 proximit\u00e9 des magasins et des transports en commun. Les centres de ressources sont ouverts de 30 \u00e0 35 heures par semaine ou selon les besoins. De plus, les locataires peuvent communiquer avec le personnel de Salus pour les probl\u00e8mes reli\u00e9s au logement en dehors des heures normales de bureau gr\u00e2ce \u00e0 un service d\u2019appel.<\/p>\n<\/div><\/section><\/div>\n","protected":false},"excerpt":{"rendered":"","protected":false},"author":1,"featured_media":0,"parent":170,"menu_order":0,"comment_status":"closed","ping_status":"closed","template":"","meta":{"footnotes":""},"class_list":["post-172","page","type-page","status-publish","hentry"],"acf":[],"_links":{"self":[{"href":"https:\/\/www.salusottawa.org\/fr\/wp-json\/wp\/v2\/pages\/172","targetHints":{"allow":["GET"]}}],"collection":[{"href":"https:\/\/www.salusottawa.org\/fr\/wp-json\/wp\/v2\/pages"}],"about":[{"href":"https:\/\/www.salusottawa.org\/fr\/wp-json\/wp\/v2\/types\/page"}],"author":[{"embeddable":true,"href":"https:\/\/www.salusottawa.org\/fr\/wp-json\/wp\/v2\/users\/1"}],"replies":[{"embeddable":true,"href":"https:\/\/www.salusottawa.org\/fr\/wp-json\/wp\/v2\/comments?post=172"}],"version-history":[{"count":3,"href":"https:\/\/www.salusottawa.org\/fr\/wp-json\/wp\/v2\/pages\/172\/revisions"}],"predecessor-version":[{"id":1082,"href":"https:\/\/www.salusottawa.org\/fr\/wp-json\/wp\/v2\/pages\/172\/revisions\/1082"}],"up":[{"embeddable":true,"href":"https:\/\/www.salusottawa.org\/fr\/wp-json\/wp\/v2\/pages\/170"}],"wp:attachment":[{"href":"https:\/\/www.salusottawa.org\/fr\/wp-json\/wp\/v2\/media?parent=172"}],"curies":[{"name":"wp","href":"https:\/\/api.w.org\/{rel}","templated":true}]}}

<div class="flex_column av_three_fifth  flex_column_div av-zero-column-padding first  " style='border-radius:0px; '><section class="av_textblock_section "  itemscope="itemscope" itemtype="https://schema.org/CreativeWork" ><div class='avia_textblock  '   itemprop="text" ><h1>Appartements de Salus</h1>
<h2>Les appartements de Salus offrent un milieu de vie indépendant aux adultes vivant avec une maladie mentale sévère et persistante où ils peuvent bénéficier d’un soutien communautaire personnalisé.</h2>
<div class="tw-swapa">
<p class="DHcWmd">
</div>
<div class="oSioSc">
<div id="tw-target">
<div id="tw-target-text-container" class="tw-ta-container tw-nfl">
<p id="tw-target-text" class="tw-data-text tw-ta tw-text-small" dir="ltr" data-placeholder="Translation"><span lang="fr"><strong>Les appartements de Salus</strong> offrent aux locataires la possibilité de développer les compétences nécessaires pour réussir à gagner leur indépendance, maintenir leur logement propre et s&#8217;intégrer dans la communauté.</span></p>
</div>
</div>
</div>
</div></section></div><div class="flex_column av_two_fifth  flex_column_div av-zero-column-padding   " style='border-radius:0px; '><div class='avia-image-container  av-styling-    avia-align-center '  itemscope="itemscope" itemtype="https://schema.org/ImageObject"  ><div class='avia-image-container-inner'><img class='avia_image ' src='https://www.salusottawa.org/fr/wp-content/uploads/sites/3/2018/04/Dorchester-1030x773.jpg' alt='' title='OLYMPUS DIGITAL CAMERA'   itemprop="thumbnailUrl"  /></div></div></div></p>
<div style='height:50px' class='hr hr-invisible  '><span class='hr-inner ' ><span class='hr-inner-style'></span></span></div>
<div class="flex_column av_one_half  flex_column_div av-zero-column-padding first  " style='border-radius:0px; '><section class="av_textblock_section "  itemscope="itemscope" itemtype="https://schema.org/CreativeWork" ><div class='avia_textblock  '   itemprop="text" ><h3>Clientèle des appartements de Salus</h3>
<h4>Les adultes âgés de 16 ans et plus demeurant dans la région d’Ottawa qui :</h4>
<ul>
<li>se rétablissent d’une maladie mentale;</li>
<li>sont accompagnés par un travailleur de soutien en santé mentale;</li>
<li>sont disposés à collaborer avec les autres résidents, le personnel de soutien et les intervenants communautaires;</li>
<li>sont disposés à respecter leurs obligations de locataire.</li>
</ul>
</div></section></div>
<div class="flex_column av_one_half  flex_column_div av-zero-column-padding   " style='border-radius:0px; '><section class="av_textblock_section "  itemscope="itemscope" itemtype="https://schema.org/CreativeWork" ><div class='avia_textblock  '   itemprop="text" ><h3><strong>Appartements offerts par Salus</strong></h3>
<p>Salus propose des studios et des unités d’une chambre à coucher. La plupart des locataires ont accès à un centre de ressources dans l’édifice. Tous les appartements sont équipés d’un réfrigérateur et d’une cuisinière.</p>
<h3><strong>Emplacement des appartements de Salus</strong></h3>
<p>Les appartements sont situés dans le centre-ville et dans la partie ouest d’Ottawa à proximité des magasins et des transports en commun. Les centres de ressources sont ouverts de 30 à 35 heures par semaine ou selon les besoins. De plus, les locataires peuvent communiquer avec le personnel de Salus pour les problèmes reliés au logement en dehors des heures normales de bureau grâce à un service d’appel.</p>
</div></section></div>
